{"id":2931,"date":"2024-09-09T13:27:11","date_gmt":"2024-09-09T13:27:11","guid":{"rendered":"https:\/\/priofiltersalbania.al\/?post_type=product&#038;p=2931"},"modified":"2024-09-12T22:14:26","modified_gmt":"2024-09-12T22:14:26","slug":"fisheku-k878","status":"publish","type":"product","link":"https:\/\/priofiltersalbania.al\/index.php\/product\/fisheku-k878\/","title":{"rendered":"Fisheku K878"},"content":{"rendered":"<p>Prio\u00ae K878 Ultrafiltrim me membran\u00eb t\u00eb zbraz\u00ebt me fiber<\/p>\n<p>Ultrafiltrim 0,01 mikron membran\u00eb fib\u00ebr zgavra t\u00eb kapsuluar kryesore ose pas filtrit.<\/p>\n<p>&nbsp;<\/p>\n<p>E p\u00ebrkryer p\u00ebr kondicionimin p\u00ebrfundimtar t\u00eb ujit pa ndryshim n\u00eb p\u00ebrb\u00ebrjen minerale t\u00eb ujit.<\/p>\n<p>Reduktimi efektiv i:<\/p>\n<p>&#8211; l\u00ebnd\u00eb t\u00eb ngurta pezull<\/p>\n<p>&#8211; shije dhe er\u00eb<\/p>\n<p>&#8211; shumica e baktereve, protist\u00ebve dhe viruseve<\/p>\n<p>&#8211; mikroplastika dhe polen<\/p>\n<p>&#8211; ndot\u00ebs t\u00eb tjer\u00eb*<\/p>\n<p>E p\u00ebrputhshme me t\u00eb gjith\u00eb pastruesit e ujit t\u00eb seris\u00eb M.<\/p>\n<p>P\u00ebrb\u00ebrja: membran\u00eb e zbraz\u00ebt me fib\u00ebr me madh\u00ebsi pore 0,01\u20130,1 \u03bcm<\/p>\n<p>Temperatura e ujit operativ: +2 &#8230; +35 \u00b0 \u0421<\/p>\n<p>Presioni i ujit t\u00eb furnizimit: nga 0,14 n\u00eb 0,80 MPa<\/p>\n<p>Presioni maksimal i menj\u00ebhersh\u00ebm i hyrjes (goditja hidraulike): 1.6 MPa<\/p>\n<p>Shkalla e rekomanduar e filtrimit: deri n\u00eb 2 l \/ min.<\/p>\n<p>Shkalla e pastrimit nga grimcat mekanike m\u00eb t\u00eb m\u00ebdha se 0,1 \u00b5m: deri n\u00eb 99%<\/p>\n<p>Afati i ruajtjes (para p\u00ebrdorimit): 3 vjet nga data e prodhimit<\/p>\n<p>Jeta e sh\u00ebrbimit*: 12 muaj nga fillimi i p\u00ebrdorimit<\/p>\n<p>*Ndryshoni filtrat e disponuesh\u00ebm \u00e7do 12 muaj ose m\u00eb her\u00ebt n\u00ebse v\u00ebreni nj\u00eb reduktim t\u00eb duksh\u00ebm t\u00eb shpejt\u00ebsis\u00eb s\u00eb rrjedh\u00ebs s\u00eb ujit.<\/p>\n<p>&nbsp;<\/p>\n","protected":false},"excerpt":{"rendered":"<ul>\n<li><strong>P\u00ebrb\u00ebr\u00ebs:<\/strong> Membran\u00eb fib\u00ebr me pore 0,01\u20130,1 \u03bcm.<\/li>\n<li><strong>Pastrimi:<\/strong> Eliminon l\u00ebnd\u00eb t\u00eb ngurta, shije dhe er\u00eb, shumic\u00ebn e baktereve, protist\u00ebve, viruseve, mikroplastik\u00ebs dhe polenit.<\/li>\n<li><strong>P\u00ebrfitime:<\/strong> Ruajtja e p\u00ebrb\u00ebrjes minerale t\u00eb ujit, reduktim efektiv i ndot\u00ebsve t\u00eb ndrysh\u00ebm.<\/li>\n<li><strong>P\u00ebrdorimi:<\/strong> E p\u00ebrkryer p\u00ebr kondicionimin p\u00ebrfundimtar t\u00eb ujit.<\/li>\n<li><strong>Kushtet Operative:<\/strong> Temperatura: +2 &#8230; +35 \u00b0C; Presioni i ujit: nga 0,14 n\u00eb 0,80 MPa; Shkalla e filtrimit: deri n\u00eb 2 l\/min.<\/li>\n<li><strong>Afati i Sh\u00ebrbimit:<\/strong> 12 muaj ose m\u00eb her\u00ebt n\u00ebse ka reduktim t\u00eb duksh\u00ebm t\u00eb shpejt\u00ebsis\u00eb s\u00eb rrjedh\u00ebs.<\/li>\n<\/ul>\n","protected":false},"featured_media":2769,"comment_status":"open","ping_status":"closed","template":"","meta":[],"product_cat":[15,74],"product_tag":[],"class_list":{"0":"post-2931","1":"product","2":"type-product","3":"status-publish","4":"has-post-thumbnail","6":"product_cat-uncategorized","7":"product_cat-fisheku","9":"first","10":"instock","11":"shipping-taxable","12":"product-type-simple","13":"add-to-wishlist-after_add_to_cart"},"_links":{"self":[{"href":"https:\/\/priofiltersalbania.al\/index.php\/wp-json\/wp\/v2\/product\/2931","targetHints":{"allow":["GET"]}}],"collection":[{"href":"https:\/\/priofiltersalbania.al\/index.php\/wp-json\/wp\/v2\/product"}],"about":[{"href":"https:\/\/priofiltersalbania.al\/index.php\/wp-json\/wp\/v2\/types\/product"}],"replies":[{"embeddable":true,"href":"https:\/\/priofiltersalbania.al\/index.php\/wp-json\/wp\/v2\/comments?post=2931"}],"wp:featuredmedia":[{"embeddable":true,"href":"https:\/\/priofiltersalbania.al\/index.php\/wp-json\/wp\/v2\/media\/2769"}],"wp:attachment":[{"href":"https:\/\/priofiltersalbania.al\/index.php\/wp-json\/wp\/v2\/media?parent=2931"}],"wp:term":[{"taxonomy":"product_cat","embeddable":true,"href":"https:\/\/priofiltersalbania.al\/index.php\/wp-json\/wp\/v2\/product_cat?post=2931"},{"taxonomy":"product_tag","embeddable":true,"href":"https:\/\/priofiltersalbania.al\/index.php\/wp-json\/wp\/v2\/product_tag?post=2931"}],"curies":[{"name":"wp","href":"https:\/\/api.w.org\/{rel}","templated":true}]}}