{"id":2932,"date":"2024-09-09T13:28:31","date_gmt":"2024-09-09T13:28:31","guid":{"rendered":"https:\/\/priofiltersalbania.al\/?post_type=product&#038;p=2932"},"modified":"2024-09-12T22:14:26","modified_gmt":"2024-09-12T22:14:26","slug":"fisheku-k852","status":"publish","type":"product","link":"https:\/\/priofiltersalbania.al\/index.php\/product\/fisheku-k852\/","title":{"rendered":"Fisheku K852"},"content":{"rendered":"<p>Elementi i membran\u00ebs s\u00eb osmoz\u00ebs s\u00eb kund\u00ebrt Prio\u00ae K852 Japanese Toray me prodhim t\u00eb lart\u00eb NSF i miratuar 600 GPD<\/p>\n<p>Si i ri \u00e7do dit\u00eb!<\/p>\n<p>Ndryshe nga filtrat n\u00eb linj\u00eb me shum\u00eb faza me fishek\u00eb, sistemi i osmoz\u00ebs s\u00eb kund\u00ebrt nuk thith dhe mban papast\u00ebrtit\u00eb brenda. Membrana ndan ujin e past\u00ebr nga l\u00ebnd\u00ebt e ngurta t\u00eb tretura dhe grimcat e tjera t\u00eb refuzuara q\u00eb zbresin n\u00eb kullues.<\/p>\n<p>K\u00ebshtu, R.O. sistemi \u00ebsht\u00eb &#8220;si i ri&#8221; \u00e7do dit\u00eb! Mbetet i past\u00ebr dhe jep uj\u00eb t\u00eb past\u00ebr t\u00eb sigurt pa rrezikun e ndotjes s\u00eb tij dyt\u00ebsore.<\/p>\n<p><strong>Rreth R.O. Filtrimi<\/strong><\/p>\n<p>Osmoza e kund\u00ebrt \u00ebsht\u00eb aktualisht metoda m\u00eb e avancuar por natyrale e pastrimit t\u00eb ujit. Membrana gjysm\u00eb e p\u00ebrshkueshme lejon q\u00eb vet\u00ebm uji t\u00eb kaloj\u00eb dhe refuzon gjith\u00e7ka tjet\u00ebr.<\/p>\n<p>&nbsp;<\/p>\n<p>R.O. Uji i trajtuar nuk p\u00ebrmban klor, metale t\u00eb r\u00ebnda, l\u00ebnd\u00eb t\u00eb ngurta dhe jone t\u00eb tjera t\u00eb tretura, baktere dhe viruse. Ky uj\u00eb \u00ebsht\u00eb i sigurt dhe freskues, nuk k\u00ebrkon zierje dhe \u00ebsht\u00eb nj\u00eb zgjedhje e mir\u00eb p\u00ebr t\u00eb gjitha llojet e p\u00ebrdorimit duke p\u00ebrfshir\u00eb ushqimin e foshnj\u00ebs s\u00eb porsalindur.<\/p>\n<p>Mos b\u00ebni gabim, ky proces osmoz\u00eb \u00ebsht\u00eb aq i natyrsh\u00ebm sa mund t\u00eb jet\u00eb, pasi n\u00eb thelb \u00ebsht\u00eb i nj\u00ebjt\u00eb me at\u00eb n\u00eb \u00e7do qeliz\u00eb t\u00eb gjall\u00eb n\u00eb Tok\u00eb. Membrana qelizore lejon vet\u00ebm at\u00eb q\u00eb duhet t\u00eb kaloj\u00eb dhe refuzon gjith\u00e7ka t\u00eb huaj.<\/p>\n<p>K\u00ebto dit\u00eb, gjeniu njer\u00ebzor e riprodhoi k\u00ebt\u00eb proces natyror n\u00eb nj\u00eb pajisje nanoteknologjike shum\u00eb t\u00eb sofistikuar pik\u00ebrisht n\u00eb lavamanin tuaj.<\/p>\n<p>Asnj\u00eb magji, pa pretendime t\u00eb paprovuara &#8211; thjesht shkenc\u00eb e past\u00ebr! Osmoza e kund\u00ebrt p\u00ebrdoret kudo kur nevojitet uj\u00eb i v\u00ebrtet\u00eb i past\u00ebr, jo pretendime: nga prodhimi farmaceutik deri te furnizimi me uj\u00eb i stacionit hap\u00ebsinor, nga impiantet komunale t\u00eb shkrip\u00ebzimit t\u00eb ujit me nj\u00eb zon\u00eb shum\u00eb milion\u00ebshe deri te kompletet e shp\u00ebtimit t\u00eb anijeve detare.<\/p>\n<p>&nbsp;<\/p>\n","protected":false},"excerpt":{"rendered":"<ul>\n<li><strong>P\u00ebrb\u00ebr\u00ebs:<\/strong> Membran\u00eb e prodhuar nga Japanese Toray, e miratuar nga NSF.<\/li>\n<li><strong>Pastrimi:<\/strong> Shk\u00ebput l\u00ebnd\u00ebt e ngurta t\u00eb tretura dhe grimcat, duke ofruar uj\u00eb t\u00eb past\u00ebr dhe t\u00eb sigurt.<\/li>\n<li><strong>P\u00ebrfitime:<\/strong> R.O. sistemi mbetet i past\u00ebr \u00e7do dit\u00eb dhe ofron uj\u00eb t\u00eb past\u00ebr pa rrezik ndotjeje dyt\u00ebsore.<\/li>\n<li><strong>Teknologji:<\/strong> Metoda e avancuar dhe natyrale e pastrimit t\u00eb ujit q\u00eb p\u00ebrdor nj\u00eb membran\u00eb gjysm\u00eb t\u00eb p\u00ebrshkueshme.<\/li>\n<li><strong>P\u00ebrdorimi:<\/strong> I p\u00ebrshtatsh\u00ebm p\u00ebr aplikime t\u00eb ndryshme, duke p\u00ebrfshir\u00eb prodhimin farmaceutik dhe furnizimin me uj\u00eb t\u00eb stacioneve hap\u00ebsinore.<\/li>\n<\/ul>\n","protected":false},"featured_media":2750,"comment_status":"open","ping_status":"closed","template":"","meta":[],"product_cat":[15,74],"product_tag":[],"class_list":{"0":"post-2932","1":"product","2":"type-product","3":"status-publish","4":"has-post-thumbnail","6":"product_cat-uncategorized","7":"product_cat-fisheku","9":"first","10":"instock","11":"shipping-taxable","12":"product-type-simple","13":"add-to-wishlist-after_add_to_cart"},"_links":{"self":[{"href":"https:\/\/priofiltersalbania.al\/index.php\/wp-json\/wp\/v2\/product\/2932","targetHints":{"allow":["GET"]}}],"collection":[{"href":"https:\/\/priofiltersalbania.al\/index.php\/wp-json\/wp\/v2\/product"}],"about":[{"href":"https:\/\/priofiltersalbania.al\/index.php\/wp-json\/wp\/v2\/types\/product"}],"replies":[{"embeddable":true,"href":"https:\/\/priofiltersalbania.al\/index.php\/wp-json\/wp\/v2\/comments?post=2932"}],"wp:featuredmedia":[{"embeddable":true,"href":"https:\/\/priofiltersalbania.al\/index.php\/wp-json\/wp\/v2\/media\/2750"}],"wp:attachment":[{"href":"https:\/\/priofiltersalbania.al\/index.php\/wp-json\/wp\/v2\/media?parent=2932"}],"wp:term":[{"taxonomy":"product_cat","embeddable":true,"href":"https:\/\/priofiltersalbania.al\/index.php\/wp-json\/wp\/v2\/product_cat?post=2932"},{"taxonomy":"product_tag","embeddable":true,"href":"https:\/\/priofiltersalbania.al\/index.php\/wp-json\/wp\/v2\/product_tag?post=2932"}],"curies":[{"name":"wp","href":"https:\/\/api.w.org\/{rel}","templated":true}]}}