{"id":2941,"date":"2024-09-09T13:34:06","date_gmt":"2024-09-09T13:34:06","guid":{"rendered":"https:\/\/priofiltersalbania.al\/?post_type=product&#038;p=2941"},"modified":"2024-09-12T22:14:25","modified_gmt":"2024-09-12T22:14:25","slug":"fisheku-k898","status":"publish","type":"product","link":"https:\/\/priofiltersalbania.al\/index.php\/product\/fisheku-k898\/","title":{"rendered":"Fisheku K898"},"content":{"rendered":"<p>Fishek\u00eb me dy seksione e l\u00ebvizshme shpejt p\u00ebr fishekun e filtrit Bravo Bravo T108<\/p>\n<p>Pastrim universal, i zbutur, ultrafiltrim<\/p>\n<p>Pastron ujin nga nj\u00eb gam\u00eb e gjer\u00eb papast\u00ebrtish t\u00eb tretura organike dhe inorganike (klor i lir\u00eb, komponime klororganike, pesticide, produkte t\u00eb naft\u00ebs, komponime t\u00eb tjera organike dhe inorganike), eliminon er\u00ebn e pak\u00ebndshme t\u00eb ujit, p\u00ebrmir\u00ebson shijen e tij. Teknologjia speciale e p\u00ebrdorur p\u00ebr granulimin e karbonit t\u00eb aktivizuar parandalon \u00e7lirimin e ndot\u00ebsve t\u00eb absorbuar m\u00eb par\u00eb, ndot\u00ebsve t\u00eb absorbuar n\u00eb ujin e filtruar. Zbut ujin, eliminon er\u00ebn, p\u00ebrmir\u00ebson shijen e ujit.<\/p>\n<p><strong>P\u00ebrb\u00ebrja:<\/strong> nj\u00eb p\u00ebrzierje e karbonit aktiv t\u00eb grimcuar nga l\u00ebvozhga e kokosit me argjendin (SIGAC) dhe rr\u00ebshir\u00ebn e shk\u00ebmbimit t\u00eb joneve t\u00eb ushqimit Na-Cationite.<\/p>\n<p>seksioni i p\u00ebrfundimit t\u00eb trajtimit t\u00eb ujit dhe ultrafiltrimit<\/p>\n<p>Kryen ajrin e kondicionuar, p\u00ebrfundimin e pastrimit t\u00eb ujit dhe ultrafiltrimin e papast\u00ebrtive mekanike, ndalon konglomeratet, grupimet molekulare, molekulat e m\u00ebdha organike, polenin e bim\u00ebve, shumic\u00ebn e baktereve dhe m\u00eb t\u00eb thjeshtat. Redukton n\u00eb minimum turbullir\u00ebn dhe ngjyr\u00ebn e ujit. Eliminon aromat e pak\u00ebndshme, p\u00ebrmir\u00ebson shijen e ujit.<\/p>\n<p><strong>P\u00ebrb\u00ebr\u00ebsit:<\/strong> nj\u00eb membran\u00eb milkholon me madh\u00ebsi karakteristike t\u00eb poreve prej 0,01 mikron.<\/p>\n<p>Fisheku K898 p\u00ebrmban nj\u00eb gjysm\u00eb-thyerje unike t\u00eb ultrafiltrimit Capitech me past\u00ebrtin\u00eb e filtrimit 0,01 mikron. Membrana kryen filtrim shum\u00eb t\u00eb holl\u00eb p\u00ebrfundimi deri n\u00eb viruse dhe molekula t\u00eb m\u00ebdha organike, pa ndryshuar p\u00ebrb\u00ebrjen e mikroelementeve t\u00eb ujit.<\/p>\n<p>Fisheku K898 p\u00ebrdor teknologjin\u00eb e zbutjes me dy komponent\u00eb. Fisheku p\u00ebrb\u00ebhet nga dy lloje t\u00eb rr\u00ebshir\u00ebs shk\u00ebmbyese t\u00eb joneve. Nj\u00ebra prej tyre \u00ebsht\u00eb e optimizuar p\u00ebr sa i p\u00ebrket shkall\u00ebs s\u00eb zbutjes, tjetra &#8211; p\u00ebr sa i p\u00ebrket jet\u00ebs s\u00eb sh\u00ebrbimit, gj\u00eb q\u00eb zgjat periudh\u00ebn e zbutjes efektive edhe n\u00eb kushte t\u00eb v\u00ebshtira operimi.<\/p>\n<p>&nbsp;<\/p>\n<p>N\u00eb t\u00eb nj\u00ebjt\u00ebn koh\u00eb, mbrojtja nga hipershprehja \u00ebsht\u00eb zbatuar n\u00eb at\u00eb m\u00ebnyr\u00eb q\u00eb aktiviteti maksimal i shk\u00ebmbimit t\u00eb joneve t\u00eb rr\u00ebshir\u00ebs t\u00eb arrihet pak koh\u00eb pasi filtri t\u00eb filloj\u00eb, duke eliminuar efektin an\u00ebsor t\u00eb hipermilimit n\u00eb fillim t\u00eb pun\u00ebs.<\/p>\n<p>Fisheku K898 p\u00ebrmban karbon aktiv ekologjik nga l\u00ebvozhga e kokosit.<\/p>\n<p>Fisheku K898 p\u00ebrmban argjend aktiv n\u00eb form\u00eb joni.<\/p>\n<p>Teknologjia speciale p\u00ebr aktivizimin shtes\u00eb t\u00eb karbonit t\u00eb aktivizuar duke p\u00ebrdorur acide fosforike siguron q\u00eb t\u00eb mos ket\u00eb ndot\u00ebs t\u00eb p\u00ebrthithsh\u00ebm n\u00eb ujin e pijsh\u00ebm.<\/p>\n<p>P\u00ebrfshirja nga bakteri<\/p>\n<p>Nj\u00eb rrjet\u00eb fibrash me nj\u00eb filtrim delikate prej 0,01 mikron n\u00eb faz\u00ebn e fundit t\u00eb pastrimit \u00ebsht\u00eb nj\u00eb penges\u00eb e besueshme p\u00ebr \u00e7do bakter dhe madje edhe virus. Dhe jonet e argjendit n\u00eb qymyrin e aktivizuar nuk lejojn\u00eb q\u00eb bakteret e bllokuara t\u00eb shumohen n\u00eb v\u00ebllimin e fishekut.<\/p>\n<p>Dizajni i fiksimit t\u00eb fishekut t\u00eb l\u00ebvizsh\u00ebm shpejt thjeshton z\u00ebvend\u00ebsimin e tij dhe rrit besueshm\u00ebrin\u00eb.<\/p>\n<p>Vulosja e p\u00ebrb\u00ebrjeve n\u00eb fishek kryhet me ultratinguj.<\/p>\n<p>Diagrami skematik i fishekut K898<\/p>\n<p>A &#8211; polipropileni jo i endur 5 mikron<\/p>\n<p>B \u00ebsht\u00eb nj\u00eb p\u00ebrzierje e karbonit aktiv t\u00eb grimcuar nga l\u00ebvozhga e kokosit me argjendin (SIGAC) dhe rr\u00ebshir\u00ebn e shk\u00ebmbimit t\u00eb joneve t\u00eb ushqimit Na-Catevitite<\/p>\n<p>C \u00ebsht\u00eb nj\u00eb membran\u00eb gjysmash me pore 0,01 mikron, teknologji Capitech<\/p>\n<ul>\n<li>P\u00ebrdoren vet\u00ebm filtra t\u00eb \u00e7ertifikuar dhe t\u00eb shtuar me ushqim dhe p\u00ebrb\u00ebr\u00ebs t\u00eb tjer\u00eb n\u00eb kontakt me ujin.<\/li>\n<\/ul>\n","protected":false},"excerpt":{"rendered":"<p>Fishek\u00ebt e filtrit Bravo T108 ofrojn\u00eb pastrim t\u00eb avancuar dhe zbutje t\u00eb ujit p\u00ebr nj\u00eb cil\u00ebsi t\u00eb p\u00ebrmir\u00ebsuar. Me nj\u00eb p\u00ebrzierje t\u00eb karbonit aktiv nga l\u00ebvozhga e kokosit dhe rr\u00ebshir\u00eb shk\u00ebmbimi jonesh, ky fishek pastron ujin nga ndot\u00ebsit organik\u00eb dhe inorganik\u00eb, duke eliminuar aromat e pak\u00ebndshme dhe p\u00ebrmir\u00ebsuar shijen. Fisheku gjithashtu zbut ujin p\u00ebrmes dy fazave: pastrim dhe ultrafiltrim, duke kapur papast\u00ebrtit\u00eb e m\u00ebdha dhe bakteret. Me teknologjin\u00eb e avancuar t\u00eb filtrimit 0.01 mikron, fisheku mbron ujin nga ndotjet bakteriale dhe virale. Z\u00ebvend\u00ebsimi i tij \u00ebsht\u00eb i leht\u00eb dhe i shpejt\u00eb fal\u00eb dizajnit t\u00eb l\u00ebvizsh\u00ebm.<\/p>\n","protected":false},"featured_media":2773,"comment_status":"open","ping_status":"closed","template":"","meta":[],"product_cat":[15,74],"product_tag":[],"class_list":{"0":"post-2941","1":"product","2":"type-product","3":"status-publish","4":"has-post-thumbnail","6":"product_cat-uncategorized","7":"product_cat-fisheku","9":"first","10":"instock","11":"shipping-taxable","12":"product-type-simple","13":"add-to-wishlist-after_add_to_cart"},"_links":{"self":[{"href":"https:\/\/priofiltersalbania.al\/index.php\/wp-json\/wp\/v2\/product\/2941","targetHints":{"allow":["GET"]}}],"collection":[{"href":"https:\/\/priofiltersalbania.al\/index.php\/wp-json\/wp\/v2\/product"}],"about":[{"href":"https:\/\/priofiltersalbania.al\/index.php\/wp-json\/wp\/v2\/types\/product"}],"replies":[{"embeddable":true,"href":"https:\/\/priofiltersalbania.al\/index.php\/wp-json\/wp\/v2\/comments?post=2941"}],"wp:featuredmedia":[{"embeddable":true,"href":"https:\/\/priofiltersalbania.al\/index.php\/wp-json\/wp\/v2\/media\/2773"}],"wp:attachment":[{"href":"https:\/\/priofiltersalbania.al\/index.php\/wp-json\/wp\/v2\/media?parent=2941"}],"wp:term":[{"taxonomy":"product_cat","embeddable":true,"href":"https:\/\/priofiltersalbania.al\/index.php\/wp-json\/wp\/v2\/product_cat?post=2941"},{"taxonomy":"product_tag","embeddable":true,"href":"https:\/\/priofiltersalbania.al\/index.php\/wp-json\/wp\/v2\/product_tag?post=2941"}],"curies":[{"name":"wp","href":"https:\/\/api.w.org\/{rel}","templated":true}]}}