{"id":3013,"date":"2024-09-10T21:09:30","date_gmt":"2024-09-10T21:09:30","guid":{"rendered":"https:\/\/priofiltersalbania.al\/?post_type=product&#038;p=3013"},"modified":"2024-10-21T11:16:38","modified_gmt":"2024-10-21T11:16:38","slug":"3013","status":"publish","type":"product","link":"https:\/\/priofiltersalbania.al\/index.php\/product\/3013\/","title":{"rendered":"Expert Superline"},"content":{"rendered":"<p>Dispenser Expert Superline<br \/>\nDispenser uji i pijsh\u00ebm i nxeht\u00eb dhe i ftoht\u00eb pa shishe me osmoz\u00eb t\u00eb kund\u00ebrt me rrjedhje t\u00eb drejtp\u00ebrdrejt\u00eb n\u00eb pik\u00ebn e p\u00ebrdorimit<br \/>\nP\u00ebrtej Shisheve<br \/>\nPastron ujin q\u00eb \u00ebsht\u00eb tashm\u00eb n\u00eb zyr\u00ebn ose sht\u00ebpin\u00eb tuaj<br \/>\nPa kontrata \u2013 kurseni mij\u00ebra $\/\u20ac: nuk ka nevoj\u00eb t\u00eb planifikoni, blini, transportoni dhe ruani shishe uji<br \/>\nMos u shqet\u00ebsoni p\u00ebr burimin dhe cil\u00ebsin\u00eb e ujit n\u00eb shishe<br \/>\nEliminon tendosjen e ngritjes s\u00eb shisheve<br \/>\nPa shishe &#8211; pa BPA ose arsenik n\u00eb ujin tuaj t\u00eb pijsh\u00ebm dhe pa lul\u00ebzim<br \/>\nM\u00eb pak plastik\u00eb p\u00ebr deponit\u00eb<br \/>\nMakin\u00eb ideale p\u00ebr shp\u00ebrndarjen e ujit t\u00eb pijsh\u00ebm t\u00eb past\u00ebr p\u00ebr sht\u00ebpi, zyra dhe hap\u00ebsira publike. Puna e r\u00ebnd\u00eb, miq\u00ebsore me mjedisin, kursim i ujit dhe parave. R.O. n\u00eb koh\u00eb reale. filtrimi dhe mungesa e rezervuarit t\u00eb ruajtjes n\u00eb temperatur\u00ebn e dhom\u00ebs n\u00ebnkupton gjithmon\u00eb uj\u00eb t\u00eb fresk\u00ebt, past\u00ebrti higjienike dhe kosto t\u00eb ul\u00ebta mir\u00ebmbajtjeje.<br \/>\nOfron sasi praktikisht t\u00eb pakufizuar t\u00eb ujit t\u00eb ftoht\u00eb dhe deri n\u00eb 6L\/or\u00eb uj\u00eb t\u00eb nxeht\u00eb.<br \/>\nKurseni mij\u00ebra $\/\u20ac n\u00eb shishet e ujit!<\/p>\n<p>P\u00ebrtej Sorbimit dhe Ultrafiltrimit<\/p>\n<p>Sistemi i filtrimit t\u00eb ujit me osmoz\u00eb t\u00eb kund\u00ebrt me 8-10 faza brenda<br \/>\nNuk ka balt\u00eb t\u00eb grumbulluar: R.O. membrana ndan ujin e past\u00ebr nga trupat e ngurt\u00eb t\u00eb tretur dhe grimcat e tjera t\u00eb refuzuara q\u00eb zbresin n\u00eb kullues<br \/>\nKondicioner ri-mineralizues i ujit t\u00eb p\u00ebrfshir\u00eb<br \/>\nUji \u00ebsht\u00eb i shijsh\u00ebm, i sigurt dhe jet\u00ebsor: sistemi ofron nj\u00eb p\u00ebrvoj\u00eb t\u00eb past\u00ebr, freskuese pa shije t\u00eb metaleve t\u00eb r\u00ebnda, g\u00eblqeres ose klorit<\/p>\n<p>Osmoz\u00eb e kund\u00ebrt me rrjedhje t\u00eb drejtp\u00ebrdrejt\u00eb inovative brenda<\/p>\n<p>Ofrimi i ujit t\u00eb past\u00ebr dhe t\u00eb fresk\u00ebt: uj\u00eb i disponuesh\u00ebm n\u00eb \u00e7ast i pastruar n\u00eb koh\u00eb reale<br \/>\nNuk ka rezervuar p\u00ebr ruajtjen e temperatur\u00ebs s\u00eb dhom\u00ebs &#8211; pa uj\u00eb t\u00eb ndenjur ose t\u00eb lul\u00ebzuar<br \/>\nProdhim praktikisht i pakufizuar: deri n\u00eb 1450 litra uj\u00eb t\u00eb pastruar n\u00eb dit\u00eb p\u00ebr pjes\u00ebn e kostos s\u00eb ujit n\u00eb shishe<br \/>\nKursimi i ujit 1:1 ose shkall\u00eb m\u00eb e mir\u00eb e rikuperimit<br \/>\nShp\u00eblarje automatike e membran\u00ebs p\u00ebr vet\u00ebpastrim dhe performanc\u00eb t\u00eb lart\u00eb<\/p>\n<p>Karakteristikat premium t\u00eb filtrimit t\u00eb ujit<\/p>\n<p>R.O e integruar. n\u00ebnsistem filtrimi q\u00eb \u00ebsht\u00eb projektuar n\u00eb m\u00ebnyr\u00eb perfekte, miq\u00ebsore me mjedisin dhe jasht\u00ebzakonisht efektiv<br \/>\nKursimi i uj\u00ebrave t\u00eb zeza &#8211; kursen tonelata uj\u00ebra t\u00eb zeza n\u00eb vit n\u00eb krahasim me sistemet R.O konvencionale.<br \/>\nElement membranor me prodhim t\u00eb lart\u00eb (400gpd) p\u00ebr t\u00eb minimizuar m\u00eb tej koston e pron\u00ebsis\u00eb.<br \/>\nR.O. Membrana me shkall\u00eb t\u00eb lart\u00eb refuzimi t\u00eb flet\u00ebs origjinale Toray e prodhuar n\u00eb Japoni.<br \/>\nPomp\u00eb e fuqishme p\u00ebrforcuese.<br \/>\nZhurm\u00eb e ul\u00ebt.<br \/>\nFunksionim plot\u00ebsisht automatik i filtrimit, duke p\u00ebrfshir\u00eb mbrojtjen automatike t\u00eb shp\u00eblarjes dhe t\u00eb boshtit.<\/p>\n<p>Karakteristikat premium t\u00eb shp\u00ebrndar\u00ebsit t\u00eb ujit<\/p>\n<p>P\u00ebrshtatje dhe p\u00ebrfundim me cil\u00ebsi t\u00eb lart\u00eb<br \/>\nGryk\u00eb uji t\u00eb nxeht\u00eb dhe t\u00eb ftoht\u00eb<br \/>\nSigurt p\u00ebr f\u00ebmij\u00eb<br \/>\nTreguesit LED<br \/>\nRezervuar\u00ebt e ujit t\u00eb nxeht\u00eb dhe t\u00eb ftoht\u00eb prej \u00e7eliku inox t\u00eb kategoris\u00eb ushqimore<br \/>\nE rende, gati per perdorim komercial<br \/>\nFunksionet e ujit t\u00eb nxeht\u00eb dhe t\u00eb ftoht\u00eb gjithashtu mund t\u00eb fiken s\u00eb bashku ose n\u00eb m\u00ebnyr\u00eb t\u00eb pavarur p\u00ebr t\u00eb kursyer energjin\u00eb elektrike: sistemi do t\u00eb vazhdoj\u00eb t\u00eb funksionoj\u00eb si nj\u00eb filt\u00ebr uji me prodhim t\u00eb lart\u00eb.<\/p>\n<p>Uj\u00eb i Ftoht\u00eb \u2013 Pije freskuese t\u00eb pakufizuara<br \/>\nDispenser p\u00ebr uj\u00eb t\u00eb ftoht\u00eb<\/p>\n<p>Fal\u00eb sistemit t\u00eb kompresorit t\u00eb ftoh\u00ebsit R134a dhe rrjedh\u00ebs s\u00eb drejtp\u00ebrdrejt\u00eb R.O. prodhimi i ujit t\u00eb past\u00ebr q\u00eb eliminon nevoj\u00ebn p\u00ebr t\u00eb pasur nj\u00eb rezervuar p\u00ebr ruajtjen e temperatur\u00ebs s\u00eb dhom\u00ebs, sistemi \u00ebsht\u00eb n\u00eb gjendje t\u00eb prodhoj\u00eb nj\u00eb sasi praktikisht t\u00eb pakufizuar t\u00eb ujit t\u00eb ftoht\u00eb me temperatur\u00eb perfekte p\u00ebr t&#8217;ju freskuar n\u00eb nj\u00eb dit\u00eb t\u00eb nxeht\u00eb ose pas nj\u00eb st\u00ebrvitje. Si ftoh\u00ebs, ky sistem \u00ebsht\u00eb i shk\u00eblqyesh\u00ebm edhe p\u00ebr lobet ose zyrat m\u00eb t\u00eb ngarkuara me shum\u00eb njer\u00ebz.<\/p>\n<p>Uj\u00eb i nxeht\u00eb \u2013 Pije t\u00eb ngrohta t\u00eb \u00e7astit<br \/>\nShp\u00ebrndar\u00ebse p\u00ebr uj\u00eb t\u00eb nxeht\u00eb<\/p>\n<p>Sistemi prodhon uj\u00eb t\u00eb nxeht\u00eb me avull q\u00eb \u00ebsht\u00eb i shk\u00eblqyesh\u00ebm p\u00ebr \u00e7aj, \u00e7okollat\u00eb t\u00eb nxeht\u00eb, supa dhe ushqime t\u00eb menj\u00ebhershme. Mund t\u00eb prodhoj\u00eb deri n\u00eb 6.0 litra uj\u00eb t\u00eb nxeht\u00eb n\u00eb or\u00eb. Bllokimi i siguris\u00eb p\u00ebr f\u00ebmij\u00eb shton nj\u00eb funksionim t\u00eb sigurt.<\/p>\n","protected":false},"excerpt":{"rendered":"<p>Eksperti Superline \u00ebsht\u00eb nj\u00eb dispenzues uji i avancuar q\u00eb ofron uj\u00eb t\u00eb pijsh\u00ebm t\u00eb nxeht\u00eb dhe t\u00eb ftoht\u00eb pa nevoj\u00ebn p\u00ebr shishe, duke p\u00ebrdorur teknologjin\u00eb e osmoz\u00ebs s\u00eb kund\u00ebrt me rrjedhje t\u00eb drejtp\u00ebrdrejt\u00eb. Ky produkt \u00ebsht\u00eb dizajnuar p\u00ebr t\u00eb pastruar ujin ekzistues n\u00eb zyr\u00ebn ose sht\u00ebpin\u00eb tuaj, duke eliminuar nevoj\u00ebn p\u00ebr blerjen, transportimin dhe ruajtjen e shisheve t\u00eb ujit. Kjo ofron kursime t\u00eb m\u00ebdha n\u00eb kosto dhe siguron q\u00eb t\u00eb mos shqet\u00ebsoheni p\u00ebr cil\u00ebsin\u00eb e ujit n\u00eb shishe apo efektet e d\u00ebmshme t\u00eb BPA dhe arsenikut.<\/p>\n<p>Me kapacitet p\u00ebr t\u00eb ofruar nj\u00eb sasi t\u00eb madhe uji t\u00eb fresk\u00ebt dhe t\u00eb pastruar n\u00eb koh\u00eb reale, Eksperti Superline mund t\u00eb prodhoj\u00eb deri n\u00eb 1450 litra uj\u00eb t\u00eb past\u00ebr n\u00eb dit\u00eb. Dizajni i tij modern p\u00ebrfshin funksione t\u00eb ve\u00e7anta si rezervuar\u00eb \u00e7eliku inox, tregues LED dhe siguri p\u00ebr f\u00ebmij\u00ebt. Gjithashtu, funksionet e ujit t\u00eb nxeht\u00eb dhe t\u00eb ftoht\u00eb mund t\u00eb aktivizohen ve\u00e7mas p\u00ebr t\u00eb kursyer energji elektrike.<\/p>\n","protected":false},"featured_media":3015,"comment_status":"open","ping_status":"closed","template":"","meta":[],"product_cat":[15,73],"product_tag":[],"class_list":{"0":"post-3013","1":"product","2":"type-product","3":"status-publish","4":"has-post-thumbnail","6":"product_cat-uncategorized","7":"product_cat-expert","9":"first","10":"instock","11":"shipping-taxable","12":"product-type-simple","13":"add-to-wishlist-after_add_to_cart"},"_links":{"self":[{"href":"https:\/\/priofiltersalbania.al\/index.php\/wp-json\/wp\/v2\/product\/3013","targetHints":{"allow":["GET"]}}],"collection":[{"href":"https:\/\/priofiltersalbania.al\/index.php\/wp-json\/wp\/v2\/product"}],"about":[{"href":"https:\/\/priofiltersalbania.al\/index.php\/wp-json\/wp\/v2\/types\/product"}],"replies":[{"embeddable":true,"href":"https:\/\/priofiltersalbania.al\/index.php\/wp-json\/wp\/v2\/comments?post=3013"}],"wp:featuredmedia":[{"embeddable":true,"href":"https:\/\/priofiltersalbania.al\/index.php\/wp-json\/wp\/v2\/media\/3015"}],"wp:attachment":[{"href":"https:\/\/priofiltersalbania.al\/index.php\/wp-json\/wp\/v2\/media?parent=3013"}],"wp:term":[{"taxonomy":"product_cat","embeddable":true,"href":"https:\/\/priofiltersalbania.al\/index.php\/wp-json\/wp\/v2\/product_cat?post=3013"},{"taxonomy":"product_tag","embeddable":true,"href":"https:\/\/priofiltersalbania.al\/index.php\/wp-json\/wp\/v2\/product_tag?post=3013"}],"curies":[{"name":"wp","href":"https:\/\/api.w.org\/{rel}","templated":true}]}}