{"id":3028,"date":"2024-09-12T21:23:44","date_gmt":"2024-09-12T21:23:44","guid":{"rendered":"https:\/\/priofiltersalbania.al\/?post_type=product&#038;p=3028"},"modified":"2024-10-21T11:15:26","modified_gmt":"2024-10-21T11:15:26","slug":"expert-m400","status":"publish","type":"product","link":"https:\/\/priofiltersalbania.al\/index.php\/product\/expert-m400\/","title":{"rendered":"Expert SB700"},"content":{"rendered":"<p>Expert SB700<\/p>\n<p>Sistemi i holl\u00eb i filtrimit t\u00eb ujit me membran\u00eb me fib\u00ebr t\u00eb zbraz\u00ebt me ultrafiltrim me shum\u00eb faza 0,01\u03bcm<\/p>\n<ul>\n<li>Ultrafiltrimi<\/li>\n<li>InVorTex\u00ae &#8211; SHBA Patenta 8.382.980<\/li>\n<li>Zero Zhurm\u00eb<\/li>\n<li>Filtrimi me 4 faza<\/li>\n<li>Filtrat e ndryshimit t\u00eb shpejt\u00eb<\/li>\n<li>2 L\/min<\/li>\n<\/ul>\n<p><strong>Duke shkuar p\u00ebrpara kohe, ne kemi krijuar nj\u00eb produkt t\u00eb p\u00ebrsosur dhe t\u00eb avancuar<\/strong><\/p>\n<p><strong>Linja e produkteve Prio\u00ae Expert e filtrave t\u00eb ujit t\u00eb lavamanit ndryshon kufijt\u00eb e t\u00eb mundshmes. Asnj\u00eb nga sistemet e gjenerat\u00ebs s\u00eb kaluar nuk mund t\u00eb krahasohet me to, si p\u00ebr nga parametrat teknik\u00eb ashtu edhe p\u00ebr cil\u00ebsin\u00eb e pastrimit t\u00eb ujit, e cila i \u00ebsht\u00eb afruar idealit si kurr\u00eb m\u00eb par\u00eb.<\/strong><\/p>\n<p>Dizajn modern, dimensione q\u00eb kursejn\u00eb hap\u00ebsir\u00eb<\/p>\n<p>I holl\u00eb, i leht\u00eb dhe q\u00eb kursen hap\u00ebsir\u00eb, me dizajn urban modern, Expert SB700 vendos nj\u00eb standard t\u00eb ri se si duhet t\u00eb duken filtrat e ujit n\u00eb shekullin e 21-t\u00eb.<\/p>\n<p><strong>Filtrim me shum\u00eb faza me cil\u00ebsi t\u00eb lart\u00eb<\/strong><\/p>\n<p>Expert SB700 p\u00ebrmban filtrim me cil\u00ebsi t\u00eb lart\u00eb fal\u00eb parafiltrit t\u00eb sedimentit, me dy karbon, teknologjis\u00eb s\u00eb patentuar InVorTex\u00ae dhe membran\u00ebs me fibra t\u00eb zbraz\u00ebt ultrafiltrues.<\/p>\n<p>Plot\u00ebsisht i certifikuar<\/p>\n<p>P\u00ebrputhet me t\u00eb gjitha standardet dhe rregulloret e zbatueshme duke p\u00ebrfshir\u00eb Direktiv\u00ebn e K\u00ebshillit 98\/83\/EC p\u00ebr cil\u00ebsin\u00eb e ujit t\u00eb destinuar p\u00ebr konsum njer\u00ebzor, etj.<\/p>\n<p><strong>CE <\/strong><\/p>\n<p><strong>\u00a0<\/strong><\/p>\n<ul>\n<li><strong>Filtrat me ndryshim t\u00eb shpejt\u00eb<\/strong><\/li>\n<\/ul>\n<p>Pa rr\u00ebmuj\u00eb, ndryshim i shpejt\u00eb dhe i leht\u00eb i filtrit fal\u00eb nj\u00eb pajisjeje t\u00eb re &#8220;tubi i deg\u00ebzimit &#8211; montim shtyt\u00ebs p\u00ebr lidhje&#8221;. Mir\u00ebmbajtje e leht\u00eb dhe sistem i past\u00ebr, praktikisht i ri pas \u00e7do nd\u00ebrrimi t\u00eb filtrit.<\/p>\n<ul>\n<li><strong>Pajisje t\u00eb shpejta kudo p\u00ebr lidhje t\u00eb lehta t\u00eb tubave.<\/strong><\/li>\n<\/ul>\n<ul>\n<li><strong>P\u00ebrfshir\u00eb rubinet projektuesi<\/strong><\/li>\n<\/ul>\n<p>Mund t\u00eb instalohet n\u00eb nj\u00eb vrim\u00eb ekzistuese t\u00eb shp\u00ebrndar\u00ebsit t\u00eb sapunit ose sp\u00ebrkat\u00ebs uji, ose n\u00eb nj\u00eb vrim\u00eb t\u00eb re n\u00eb lavaman ose kuvert\u00eb. Mund t\u00eb p\u00ebrdoret gjithashtu nj\u00eb rubinet i kombinuar i disponuesh\u00ebm n\u00eb treg me rrug\u00eb ujore t\u00eb integruar p\u00ebr uj\u00eb t\u00eb filtruar.<\/p>\n<ul>\n<li><strong>Teknologjia e pastrimit t\u00eb ujit InVorTex\u00ae<\/strong><\/li>\n<\/ul>\n<p>Kjo \u00ebsht\u00eb metoda jon\u00eb e patentuar (Patenta e SHBA-s\u00eb 8,382,980) p\u00ebr t\u00eb dyfishuar jet\u00ebn e sh\u00ebrbimit dhe kapacitetin e pastrimit t\u00eb karbonit aktiv t\u00eb grimcuar n\u00eb nj\u00eb fishek filtri, me nj\u00eb ndarje spirale. Rrit shtegun e ujit brenda fishekut t\u00eb filtrit, frenon zhvillimin e kanalit t\u00eb anashkalimit dhe zgjat koh\u00ebn e kontaktit t\u00eb GAC dhe ujit duke \u00e7uar n\u00eb thithje shum\u00eb t\u00eb p\u00ebrmir\u00ebsuar.<\/p>\n<ul>\n<li><strong>Karboni i dyfisht\u00eb<\/strong><\/li>\n<\/ul>\n<p>Eksperti SB700 p\u00ebrdor faz\u00ebn e bllokut t\u00eb karbonit dhe faz\u00ebn e grimcuar t\u00eb karbonit duke kombinuar avantazhet e t\u00eb dyjave p\u00ebr t\u00eb siguruar thithjen m\u00eb t\u00eb mir\u00eb t\u00eb mundshme dhe jet\u00ebgjat\u00ebsin\u00eb m\u00eb t\u00eb gjat\u00eb t\u00eb sh\u00ebrbimit. Kjo \u00e7on n\u00eb nj\u00eb pastrim shum\u00eb m\u00eb t\u00eb mir\u00eb dhe t\u00eb q\u00ebndruesh\u00ebm n\u00eb krahasim me pastruesit e tjer\u00eb me shum\u00eb faza n\u00eb treg.<\/p>\n<ul>\n<li><strong>Membrana me fibra t\u00eb uritur me ultrafiltrim<\/strong><\/li>\n<\/ul>\n<p>Membrana e fibr\u00ebs s\u00eb zbraz\u00ebt ultrafiltruese p\u00ebrdoret n\u00eb Expert SB700<\/p>\n<p>N\u00eb faz\u00ebn p\u00ebrfundimtare t\u00eb pastrimit, fisheku i ultrafiltrimit p\u00ebrdoret me nj\u00eb membran\u00eb me fib\u00ebr zgavra me madh\u00ebsin\u00eb e poreve prej 0,01 \u03bcm, e cila \u00ebsht\u00eb nj\u00eb penges\u00eb e besueshme jo vet\u00ebm p\u00ebr shumic\u00ebn e ndot\u00ebsve, por edhe p\u00ebr bakteret dhe viruset. Gjithashtu ndalon polenin dhe mikroplastik\u00ebn.<\/p>\n<p>&nbsp;<\/p>\n<p><strong>Sistemi i filtrimit me kat\u00ebr faza<\/strong><\/p>\n<p>Largon balt\u00ebn, r\u00ebr\u00ebn, sedimentet dhe substancat m\u00eb t\u00eb d\u00ebmshme si metalet e r\u00ebnda, klori, mikroplastika, polenet, protist\u00ebt dhe ndot\u00ebs t\u00eb tjer\u00eb*, p\u00ebrmir\u00ebson shijen dhe er\u00ebn e ujit.<\/p>\n<ul>\n<li><strong>K871<\/strong><\/li>\n<\/ul>\n<p>Para-filtri i bllokut t\u00eb sedimentit 5 \u03bcm<\/p>\n<p>Reduktimi efektiv i:<\/p>\n<ul>\n<li>ndryshku, papast\u00ebrtit\u00eb, r\u00ebra dhe sedimentet<\/li>\n<li>ndot\u00ebs t\u00eb tjer\u00eb*<\/li>\n<\/ul>\n<ul>\n<li><strong>K875<\/strong><\/li>\n<\/ul>\n<p>Filt\u00ebr granular i karbonit aktiv t\u00eb kokosit<\/p>\n<p>Reduktimi efektiv i:<\/p>\n<ul>\n<li>shije dhe er\u00eb, duke p\u00ebrfshir\u00eb shijen dhe er\u00ebn e klorit<\/li>\n<li>ndot\u00ebs t\u00eb tjer\u00eb*<\/li>\n<\/ul>\n<ul>\n<li><strong>K870<\/strong><\/li>\n<\/ul>\n<p>Filtri i bllokut t\u00eb karbonit t\u00eb kokosit<\/p>\n<p>Reduktimi efektiv i:<\/p>\n<ul>\n<li>papast\u00ebrtit\u00eb, r\u00ebra dhe sedimentet<\/li>\n<li>shije dhe er\u00eb, duke p\u00ebrfshir\u00eb shijen dhe er\u00ebn e klorit<\/li>\n<li>ndot\u00ebs t\u00eb tjer\u00eb*<\/li>\n<\/ul>\n<ul>\n<li><strong>K878<\/strong><\/li>\n<\/ul>\n<p>Elementi i membran\u00ebs s\u00eb ultrafiltrimit<\/p>\n<p>Reduktimi efektiv i:<\/p>\n<ul>\n<li>l\u00ebnd\u00eb t\u00eb ngurta pezull<\/li>\n<li>shije dhe er\u00eb<\/li>\n<li>shumica e baktereve dhe viruseve<\/li>\n<li>ndot\u00ebs t\u00eb tjer\u00eb*<\/li>\n<\/ul>\n<p><strong>Eksperti SB700 \u00ebsht\u00eb p\u00ebr ju<\/strong><\/p>\n<p>Filtrim me shum\u00eb faza me cil\u00ebsi t\u00eb lart\u00eb, filtra me ndryshim t\u00eb shpejt\u00eb, dizajn kompakt dhe modern i holl\u00eb, i patentuar n\u00eb SHBA; P\u00ebrfshihet kompleti i instalimit, valvula e p\u00ebrshtat\u00ebsit t\u00eb sfungjerit n\u00eb mbar\u00eb bot\u00ebn dhe rubineti i dizajnit premium \u2014 ky \u00ebsht\u00eb filtri m\u00eb i dobish\u00ebm dhe m\u00eb i bukur, dhe thjesht m\u00eb i miri, filtri i ujit t\u00eb posht\u00ebm q\u00eb kemi krijuar ndonj\u00ebher\u00eb.<\/p>\n<p>&nbsp;<\/p>\n","protected":false},"excerpt":{"rendered":"<p>Expert SB700 Sistemi i holl\u00eb i filtrimit t\u00eb ujit me membran\u00eb me fib\u00ebr t\u00eb zbraz\u00ebt me ultrafiltrim me shum\u00eb faza 0,01\u03bcm Ultrafiltrimi InVorTex\u00ae &#8211; SHBA Patenta 8.382.980 Zero Zhurm\u00eb Filtrimi me 4 faza Filtrat e ndryshimit t\u00eb shpejt\u00eb 2 L\/min Duke shkuar p\u00ebrpara kohe, ne kemi krijuar nj\u00eb produkt t\u00eb p\u00ebrsosur dhe t\u00eb avancuar Linja [&hellip;]<\/p>\n","protected":false},"featured_media":2778,"comment_status":"open","ping_status":"closed","template":"","meta":[],"product_cat":[15,73],"product_tag":[],"class_list":{"0":"post-3028","1":"product","2":"type-product","3":"status-publish","4":"has-post-thumbnail","6":"product_cat-uncategorized","7":"product_cat-expert","9":"first","10":"instock","11":"shipping-taxable","12":"product-type-simple","13":"add-to-wishlist-after_add_to_cart"},"_links":{"self":[{"href":"https:\/\/priofiltersalbania.al\/index.php\/wp-json\/wp\/v2\/product\/3028","targetHints":{"allow":["GET"]}}],"collection":[{"href":"https:\/\/priofiltersalbania.al\/index.php\/wp-json\/wp\/v2\/product"}],"about":[{"href":"https:\/\/priofiltersalbania.al\/index.php\/wp-json\/wp\/v2\/types\/product"}],"replies":[{"embeddable":true,"href":"https:\/\/priofiltersalbania.al\/index.php\/wp-json\/wp\/v2\/comments?post=3028"}],"wp:featuredmedia":[{"embeddable":true,"href":"https:\/\/priofiltersalbania.al\/index.php\/wp-json\/wp\/v2\/media\/2778"}],"wp:attachment":[{"href":"https:\/\/priofiltersalbania.al\/index.php\/wp-json\/wp\/v2\/media?parent=3028"}],"wp:term":[{"taxonomy":"product_cat","embeddable":true,"href":"https:\/\/priofiltersalbania.al\/index.php\/wp-json\/wp\/v2\/product_cat?post=3028"},{"taxonomy":"product_tag","embeddable":true,"href":"https:\/\/priofiltersalbania.al\/index.php\/wp-json\/wp\/v2\/product_tag?post=3028"}],"curies":[{"name":"wp","href":"https:\/\/api.w.org\/{rel}","templated":true}]}}