{"id":3032,"date":"2024-09-12T21:43:16","date_gmt":"2024-09-12T21:43:16","guid":{"rendered":"https:\/\/priofiltersalbania.al\/?post_type=product&#038;p=3032"},"modified":"2024-10-21T11:04:23","modified_gmt":"2024-10-21T11:04:23","slug":"pompa-bots","status":"publish","type":"product","link":"https:\/\/priofiltersalbania.al\/index.php\/product\/pompa-bots\/","title":{"rendered":"Expert Pompa Bots"},"content":{"rendered":"<p><strong>Pomp\u00eb Bots e jashtme me Flush automatik<\/strong><\/p>\n<p><strong>Modelet X845, X855<\/strong><\/p>\n<p>Pajisjet shoq\u00ebruese dhe opsioni i p\u00ebrmir\u00ebsimit p\u00ebr sistemet e filtrimit t\u00eb ujit me osmoz\u00eb t\u00eb kund\u00ebrt p\u00ebr banim dhe komercial<\/p>\n<p>K\u00ebto bote inovative t\u00eb pomp\u00ebs p\u00ebrforcuese dhe valvulave t\u00eb kontrollit jan\u00eb projektuar p\u00ebr sisteme filtrimi t\u00eb ujit me osmoz\u00eb t\u00eb kund\u00ebrt me vler\u00ebsim 35-500 GPD p\u00ebr p\u00ebrdorim n\u00eb zona me presion t\u00eb ul\u00ebt uji, ose p\u00ebr p\u00ebrdoruesit q\u00eb duan performanc\u00eb maksimale dhe uj\u00eb t\u00eb filtruar me cil\u00ebsi m\u00eb t\u00eb mir\u00eb nga R.O e tyre. sistemeve.<\/p>\n<p><strong>P\u00ebrfitimet tuaja kryesore<\/strong><\/p>\n<p>Rritja e shkall\u00ebs s\u00eb prodhimit t\u00eb R.O tuaj. sistemi<\/p>\n<p>Pastrim m\u00eb i mir\u00eb<\/p>\n<p>M\u00eb pak mbetje uji<\/p>\n<p>Jet\u00eb m\u00eb e gjat\u00eb e sh\u00ebrbimit t\u00eb membran\u00ebs dhe parafiltrave<\/p>\n<p>Ato jan\u00eb pajisje shoq\u00ebruese ideale dhe nj\u00eb opsion p\u00ebrmir\u00ebsimi p\u00ebr R.O tuaj ekzistues. makin\u00eb dhe ju lejon t\u00eb kurseni n\u00eb kosto t\u00eb ndryshme q\u00eb lidhen me p\u00ebrdorimin dhe mir\u00ebmbajtjen e tij t\u00eb p\u00ebrditshme.<\/p>\n<p>Rekomandohet shum\u00eb p\u00ebr p\u00ebrdorim me shumic\u00ebn e * R.O. sistemet pa pomp\u00eb si nj\u00eb p\u00ebrmir\u00ebsim i shpejt\u00eb dhe i p\u00ebrballuesh\u00ebm. Instalim i leht\u00eb, nuk k\u00ebrkohet trajnim special, personel ose mjete.<\/p>\n<p>Q\u00eb n\u00eb hapat m\u00eb t\u00eb v\u00ebshtir\u00eb t\u00eb R.O tuaj. Konfigurimi i makin\u00ebs \u00ebsht\u00eb b\u00ebr\u00eb tashm\u00eb, p\u00ebrkat\u00ebsisht nj\u00eb valvul p\u00ebrshtat\u00ebs, nj\u00eb rubinet dhe nj\u00eb shal\u00eb kullimi jan\u00eb instaluar t\u00eb gjitha, ju duhet vet\u00ebm t\u00eb (ri)lidhni disa tuba p\u00ebr t\u00eb shtuar Booster Pomp\u00ebn ton\u00eb n\u00eb sistemin tuaj.<\/p>\n<p><strong>Rezultati:<\/strong><\/p>\n<ul>\n<li>Uj\u00eb m\u00eb t\u00eb past\u00ebr<\/li>\n<li>Koha m\u00eb e shkurt\u00ebr e mbushjes s\u00eb rezervuarit t\u00eb ruajtjes<\/li>\n<li>Kosto m\u00eb t\u00eb ul\u00ebta t\u00eb ujit n\u00eb fatur\u00ebn tuaj t\u00eb sh\u00ebrbimeve<\/li>\n<li>Ndryshimi m\u00eb pak i shpesht\u00eb i membran\u00ebs dhe parafiltrit<\/li>\n<li>P\u00ebrdorimi m\u00eb i leht\u00eb i R.O tuaj. makin\u00eb<\/li>\n<\/ul>\n<p>Treguesit LED n\u00eb panelin e p\u00ebrparm\u00eb ju lejojn\u00eb t\u00eb kuptoni leht\u00ebsisht se n\u00eb\u00a0 \u00e7far\u00eb gjendje \u00ebsht\u00eb R.O. nj\u00ebsia \u00ebsht\u00eb.<\/p>\n<p>E keni pyetur ndonj\u00ebher\u00eb veten n\u00ebse rezervuari juaj \u00ebsht\u00eb plot apo bosh? Nuk ka m\u00eb hamendje!<\/p>\n<p><strong>Karakteristikat kryesore<\/strong><\/p>\n<ul>\n<li>Valvula automatike e shp\u00eblarjes parandalon grumbullimin e shkall\u00ebs dhe mbeturinave n\u00eb sip\u00ebrfaqen e jashtme t\u00eb membran\u00ebs: p\u00ebr performanc\u00eb maksimale dhe membran\u00eb m\u00eb t\u00eb sh\u00ebndetshme.<\/li>\n<li>Pompa e fuqishme rrit presionin p\u00ebr t\u00eb p\u00ebrmir\u00ebsuar rr\u00ebnj\u00ebsisht R.O. shkalla e prodhimit ditor t\u00eb makin\u00ebs, shkalla e refuzimit t\u00eb membran\u00ebs dhe shkalla e rikuperimit. \u00cbsht\u00eb nj\u00eb nivel krejt\u00ebsisht i ri i performanc\u00ebs dhe efektivitetit.<\/li>\n<li>Zgjat jet\u00ebgjat\u00ebsin\u00eb e sh\u00ebrbimit t\u00eb membran\u00ebs dhe parafiltrit p\u00ebr shkak t\u00eb rritjes s\u00eb shkall\u00ebs s\u00eb rikuperimit.<\/li>\n<li>Funksionim plot\u00ebsisht automatik, nuk ka nevoj\u00eb p\u00ebr sh\u00ebrbim: futeni dhe harrojeni.<\/li>\n<li>Treguesit LED: p\u00ebr lexim m\u00eb t\u00eb leht\u00eb t\u00eb R.O. gjendjen e sistemit.<\/li>\n<li>Instalim i ndar\u00eb, fleksib\u00ebl i mundsh\u00ebm aty ku nevojitet: instaloni kutin\u00eb e pomp\u00ebs deri n\u00eb 50 k\u00ebmb\u00eb larg nga R.O. vet\u00eb nj\u00ebsia. E dobishme p\u00ebr situata si mungesa e hap\u00ebsir\u00ebs ose mungesa e priz\u00ebs elektrike n\u00ebn lavaman.<\/li>\n<li>Lejon ndarjen e plot\u00eb t\u00eb komponent\u00ebve elektrik\u00eb nga membrana dhe filtrat e R.O kryesore. nj\u00ebsia q\u00eb b\u00ebn servisimin e rregullt t\u00eb R.O tuaj. makineri e leht\u00eb dhe e sigurt: nuk ka nevoj\u00eb t\u00eb shqet\u00ebsoheni p\u00ebr valvulat elektrike dhe telat gjat\u00eb ndryshimit t\u00eb filtrave ose membran\u00ebs s\u00eb ujit.<\/li>\n<li>Uji i hyrjes nga mungesa e mbrojtjes, mbrojtja n\u00eb boshe.<\/li>\n<li>Montime t\u00eb shpejta p\u00ebr lidhje m\u00eb t\u00eb lehta t\u00eb tubave.<\/li>\n<li>Zhurm\u00eb e ul\u00ebt.<\/li>\n<li>Konsumi i ul\u00ebt i energjis\u00eb.<\/li>\n<li>Dizajn kompakt dhe modern.<\/li>\n<\/ul>\n","protected":false},"excerpt":{"rendered":"<p>Pomp\u00eb Bots e jashtme me Flush automatik Modelet X845, X855 Pajisjet shoq\u00ebruese dhe opsioni i p\u00ebrmir\u00ebsimit p\u00ebr sistemet e filtrimit t\u00eb ujit me osmoz\u00eb t\u00eb kund\u00ebrt p\u00ebr banim dhe komercial K\u00ebto bote inovative t\u00eb pomp\u00ebs p\u00ebrforcuese dhe valvulave t\u00eb kontrollit jan\u00eb projektuar p\u00ebr sisteme filtrimi t\u00eb ujit me osmoz\u00eb t\u00eb kund\u00ebrt me vler\u00ebsim 35-500 GPD [&hellip;]<\/p>\n","protected":false},"featured_media":2795,"comment_status":"open","ping_status":"closed","template":"","meta":[],"product_cat":[75],"product_tag":[],"class_list":{"0":"post-3032","1":"product","2":"type-product","3":"status-publish","4":"has-post-thumbnail","6":"product_cat-pompa","8":"first","9":"instock","10":"shipping-taxable","11":"product-type-simple","12":"add-to-wishlist-after_add_to_cart"},"_links":{"self":[{"href":"https:\/\/priofiltersalbania.al\/index.php\/wp-json\/wp\/v2\/product\/3032","targetHints":{"allow":["GET"]}}],"collection":[{"href":"https:\/\/priofiltersalbania.al\/index.php\/wp-json\/wp\/v2\/product"}],"about":[{"href":"https:\/\/priofiltersalbania.al\/index.php\/wp-json\/wp\/v2\/types\/product"}],"replies":[{"embeddable":true,"href":"https:\/\/priofiltersalbania.al\/index.php\/wp-json\/wp\/v2\/comments?post=3032"}],"wp:featuredmedia":[{"embeddable":true,"href":"https:\/\/priofiltersalbania.al\/index.php\/wp-json\/wp\/v2\/media\/2795"}],"wp:attachment":[{"href":"https:\/\/priofiltersalbania.al\/index.php\/wp-json\/wp\/v2\/media?parent=3032"}],"wp:term":[{"taxonomy":"product_cat","embeddable":true,"href":"https:\/\/priofiltersalbania.al\/index.php\/wp-json\/wp\/v2\/product_cat?post=3032"},{"taxonomy":"product_tag","embeddable":true,"href":"https:\/\/priofiltersalbania.al\/index.php\/wp-json\/wp\/v2\/product_tag?post=3032"}],"curies":[{"name":"wp","href":"https:\/\/api.w.org\/{rel}","templated":true}]}}